, what is -31 + -1202110?
-1202141
In base 16, what is 0 - 13ea9d?
-13ea9d
In base 16, what is 6 - -d94?
d9a
In base 9, what is -7 + 152520?
152512
In base 13, what is -1b41 + 3?
-1b3b
In base 9, what is -1180 + -33?
-1223
In base 14, what is 138 + 306?
440
In base 15, what is 0 + 1c9?
1c9
In base 4, what is -22303 + -21?
-22330
In base 5, what is 1203330 - -10?
1203340
In base 9, what is 164 + 28?
203
In base 13, what is -3 + -349309?
-34930c
In base 14, what is -1 - 9a61?
-9a62
In base 2, what is -110111000011100111 - -11?
-110111000011100100
In base 11, what is -42859 + -15?
-42873
In base 16, what is -3 + 317f?
317c
In base 2, what is -10101100000 - 1110?
-10101101110
In base 3, what is -11121211210202 - 10?
-11121211210212
In base 11, what is -149 - 1718?
-1866
In base 16, what is -9e3 - 11?
-9f4
In base 7, what is 1 + 635535?
635536
In base 2, what is 110011 - -11000011111?
11001010010
In base 9, what is 717 + 1538?
2356
In base 12, what is 7 + -12a41?
-12a36
In base 11, what is -1 - -3328?
3327
In base 5, what is 23300 - 42301?
-14001
In base 7, what is -243335 + 2?
-243333
In base 12, what is 4 + 989b?
98a3
In base 9, what is -4 - 38821?
-38825
In base 11, what is 0 - -11784?
11784
In base 5, what is 131202441 + 0?
131202441
In base 16, what is -a42a + 2?
-a428
In base 4, what is -10 - -1030231331?
1030231321
In base 14, what is -4a92b + -2?
-4a92d
In base 16, what is -ac0b - -4?
-ac07
In base 5, what is 100343343 - 3?
100343340
In base 8, what is 0 - -114512?
114512
In base 5, what is -324343322 - 3?
-324343330
In base 11, what is -45145 - -4?
-45141
In base 10, what is 38 - 25219?
-25181
In base 7, what is 133130 - 20?
133110
In base 6, what is -5550 + -334?
-10324
In base 11, what is 862 + 85?
937
In base 11, what is -31521 + 4?
-31518
In base 14, what is 40bb - 2?
40b9
In base 10, what is -143 + -179?
-322
In base 8, what is 5112 + 20?
5132
In base 11, what is 96164 + -3?
96161
In base 10, what is -940767 - 0?
-940767
In base 9, what is 233 - -186?
430
In base 12, what is 1a71 - 132?
193b
In base 6, what is 1053 + -10200?
-5103
In base 2, what is -10 + 101110111101110100?
101110111101110010
In base 12, what is 1 + -113a7?
-113a6
In base 15, what is -4 - 4478?
-447c
In base 3, what is 210220 + -112111?
21102
In base 5, what is -24 - 11233?
-11312
In base 6, what is -34 + -144510?
-144544
In base 2, what is -10 - -1001101001000?
1001101000110
In base 11, what is 55345 + -4?
55341
In base 2, what is 1000 + 1011010011101?
1011010100101
In base 14, what is 4 + 9376?
937a
In base 4, what is 212123 - -3130?
221313
In base 14, what is -119 + 121?
6
In base 6, what is -204 + 5501?
5253
In base 2, what is -100010100101010111 - 10000?
-100010100101100111
In base 8, what is -5 + -3715?
-3722
In base 3, what is 20000 + 220020?
1010020
In base 16, what is -8cd + -4a?
-917
In base 7, what is 2 - -10233666?
10234001
In base 13, what is 6 + 3256?
325c
In base 11, what is 3 + -165091?
-165089
In base 12, what is -4 + 3a629?
3a625
In base 7, what is 1334424 - 2?
1334422
In base 10, what is 25160 + -17?
25143
In base 10, what is 196157 + 17?
196174
In base 2, what is 1001 - 1000000010100010?
-1000000010011001
In base 7, what is 5 + 12154464?
12154502
In base 2, what is -10 - -110100011111?
110100011101
In base 2, what is -101 - -11101001?
11100100
In base 2, what is 11011011110010101100 - 10?
11011011110010101010
In base 7, what is -6262 - -1436?
-4523
In base 8, what is -1003526 - 22?
-1003550
In base 8, what is -715032 + 2?
-715030
In base 10, what is -24 + 211?
187
In base 8, what is 124 - -2705?
3031
In base 9, what is -1758577 - -1?
-1758576
In base 10, what is -99456 + -5?
-99461
In base 6, what is -1 - -33530302?
33530301
In base 12, what is 72a9 - -7?
72b4
In base 4, what is -101 + 1320221?
1320120
In base 14, what is -506c - 176?
-5204
In base 15, what is cbb - 44?
c77
In base 4, what is -13003 + -21010?
-100013
In base 2, what is -11 + 11101101110101111000?
11101101110101110101
In base 3, what is -12112000 + 121200?
-11220100
In base 7, what is 1642421 - 14?
1642404
In base 7, what is 300320 + 3?
300323
In base 12, what is -14b - 222?
-371
In base 9, what is 582 + 200?
782
In base 12, what is -3401b - a?
-34029
In base 2, what is 11100000010101 - -11?
11100000011000
In base 14, what is 6955 - -1?
6956
In base 11, what is -191 - -703?
522
In base 8, what is -4 + 6371?
6365
In base 6, what is 114243 - 1?
114242
In base 4, what is -11 - 320011?
-320022
In base 4, what is 1110 + 1100323?
1102033
In base 11, what is -224a15 + 3?
-224a12
In base 12, what is -2a5a - 259?
-30b7
In base 7, what is 5333 + 321?
5654
In base 5, what is -21332 + 23?
-21304
In base 3, what is 1120 - -21002110?
21011000
In base 11, what is 4 - -4085?
4089
In base 15, what is 3e5562 - -5?
3e5567
In base 9, what is -68515 - 57?
-68573
In base 10, what is -786717 + -4?
-786721
In base 7, what is 11 + 55454?
55465
In base 13, what is -b + -cbb9b?
-cbba9
In base 2, what is 10010110100 - 1100?
10010101000
In base 12, what is 7491 - 5?
7488
In base 7, what is -30522 - -230?
-30262
In base 4, what is -1312 - 3322210?
-3330122
In base 3, what is -2 - 1121110200?
-1121110202
In base 9, what is -2 + 17004?
17002
In base 4, what is 10 - -23331321?
23331331
In base 16, what is -9 - -28c?
283
In base 9, what is 1 + 580586?
580587
In base 15, what is -34 + 43b2?
437d
In base 14, what is -65234 + a?
-65228
In base 14, what is -7bcda7 + 2?
-7bcda5
In base 12, what is -7 - -552a6?
5529b
In base 2, what is 110000001011011011 - -10?
110000001011011101
In base 13, what is 23 - 82a8?
-8285
In base 12, what is 191a8 - -2?
191aa
In base 10, what is -782 + -37?
-819
In base 7, what is -30162 - 11?
-30203
In base 12, what is 344 + 7?
34b
In base 13, what is -a2b - 5?
-a33
In base 16, what is ef27 + 19?
ef40
In base 14, what is c910 + -5?
c909
In base 13, what is -26153 + 12?
-26141
In base 4, what is -1200 - -221121?
213321
In base 11, what is -4757 + 26?
-4731
In base 2, what is 111011 + -10011111010011100?
-10011111001100001
In base 5, what is -134041 + 3?
-134033
In base 9, what is -30714 + -6?
-30721
In base 12, what is 14 - -118?
130
In base 11, what is 1 - 2158?
-2157
In base 3, what is -11010000 + -22222?
-11102222
In base 9, what is 348 - 1045?
-586
In base 8, what is 4145 + -400?
3545
In base 14, what is -3 + -10190?
-10193
In base 13, what is 1103 - 124?
cac
In base 7, what is -4 + 453652?
453645
In base 7, what is -16343502 + -2?
-16343504
In base 5, what is 1212204 + -12?
1212142
In base 15, what is d + 92?
a0
In base 12, what is -1107 + 327?
-9a0
In base 15, what is -1e6 - 304?
-4ea
In base 7, what is 3344450 + -1?
3344446
In base 6, what is 14304 + 42?
14350
In base 4, what is -2200113013 - -1?
-2200113012
In base 15, what is 183b - -5?
1841
In base 7, what is 3 + 4652?
4655
In base 9, what is 238125 + 21?
238146
In base 16, what is ed4 - 4?
ed0
In base 14, what is 275d - 55?
2708
In base 6, what is -154 - -20523?
20325
In base 10, what is 47 + -17420?
-17373
In base 3, what is 2 + -10220?
-10211
In base 14, what is 3d2cc + -3?
3d2c9
In base 2, what is -101 + 10000100100110101?
10000100100110000
In base 5, what is -2332124 - -23?
-2332101
In base 16, what is 19f36 - -1?
19f37
In base 13, what is -4 - -4340?
4339
In base 15, what is -1a7e9 + 2?
-1a7e7
In base 5, what is 0 + -224314?
-224314
In base 10, what is -80 + 45756?
45676
In base 10, what is 7 + 127699?
127706
In base 15, what is -63b + 2e?
-60c
In base 9, what is 17 + -6236?
-6218
In base 16, what is -6 + 24ba?
24b4
In base 11, what is -139 + -11a70?
-120a9
In base 12, what is 5 - -11a44?
11a49
In base 9, what is 12 - 80651?
-80638
In base 9, what is 4 + -102251?
-102246
In base 16, what is -32f8ef + 4?
-32f8eb
In base 9, what is 86 - 103?
-6
In base 14, what is 42 - -17?
59
In base 11, what is 0 + -82114?
-82114
In base 11, what is 83 - -368?
440
In base 16, what is -c91 + 3?
-c8e
In base 11, what is -4 - -aa18?
aa14
In base 3, what is -12200 - 10210001?
-10222201
In base 12, what is 16405 + -3?
16402
In base 6, what is -23503 + -15?
-23522
In base 8, what is 55127 + -44?
55063
In base 10, what is -77 + 62522?
62445
In base 13, what is -18025a - -1?
-180259
In base 3, what is 100100 + 1012102?
1112202
In base 12, what is 